j. Calculate the highest common divisor of j and 9.
9
Let d(a) be the second derivative of -a**5/20 + 2*a**4 + 5*a**3 + 11*a**2/2 - 34*a. Let h be d(25). Calculate the greatest common divisor of h and 17.
17
Let k = -2 + 5. Suppose 12*u - 77 = -17. Suppose m + 0*m = -u*r + 350, k*r = -m + 210. What is the highest common divisor of 28 and r?
14
Let x be 2/10 - (-162)/15. Let o = -152 + 196. Calculate the highest common factor of o and x.
11
Suppose -4*v + 327 = -693. What is the greatest common divisor of v and 51?
51
Suppose 13*y = 16*y - 12. Let f be 3/y + (-33)/(-4). Let c = f - 6. What is the highest common divisor of 21 and c?
3
Suppose -10*k + 256 = -2*k. What is the highest common divisor of 272 and k?
16
Let h = -121 - -123. Calculate the highest common factor of 254 and h.
2
Suppose 35*v - 74 - 556 = 0. Let h = 20 + 142. Calculate the highest common divisor of h and v.
18
Let s = -1151 + 1739. Calculate the greatest common divisor of s and 28.
28
Suppose -1945*j + 1914*j + 5132 = -2308. Let w(g) = -2*g**3 - 2*g**2 + g - 3. Let a be w(-3). What is the greatest common divisor of j and a?
30
Let x(m) = 33*m - 707. Let f be x(23). What is the greatest common factor of f and 143?
13
Let u be 1/(-4 - 195/(-48)). Let z = 19 - u. Suppose 5*s = -4*p + 36, -3*p + 0*p + 24 = z*s. Calculate the greatest common factor of 32 and s.
4
Let w(q) = q**3 - 5*q**2 + 3*q + 5. Let f be w(4). Let t(o) = -38*o. Let u be t(f). Let n = 88 + u. What is the greatest common factor of 25 and n?
25
Let b(c) = -c**3 + 9*c**2 + 4*c + 4. Let z = -17 - -26. Let p be b(z). Suppose 4*h = 600 - 200. What is the greatest common factor of p and h?
20
Let b(v) = 2*v - 7. Let h be b(5). Let q be h + (8*-16)/(-4). Calculate the greatest common factor of 14 and q.
7
Let a be 4/(25/20 + -1). Let p be (-88)/3*(1 - 7). Calculate the highest common divisor of a and p.
16
Let o(u) = 30*u - 84. Let s be o(3). Let f = -6 + 4. Let j = s + f. Calculate the highest common divisor of 1 and j.
1
Suppose 5 = -t + 4*f, -4*t + 2*f = -2*f - 4. Let z(c) = 5*c + 0 + 0 - c**2 + t*c**2 - 3. Let h be z(3). What is the highest common divisor of 15 and h?
15
Suppose b + 2 = 0, -4*v = v + 4*b - 37. Suppose -2*p + 5*c + 9 = 0, -2*c = 3*p - 2*p - v. What is the highest common divisor of 175 and p?
7
Let v(k) = 85*k + 214. Let h be v(18). Calculate the highest common factor of h and 16.
16
Let p be (-9)/(-7 + 3 + 1). Calculate the greatest common divisor of 5 and p.
1
Let c be (18/36)/(2/24). Suppose -346 = -c*k + 4*k. Suppose -y + 104 = f, 2*f + 0*f - k = 5*y. What is the greatest common factor of f and 9?
9
Suppose -2*y - 7 + 161 = 0. Suppose -8*u + 389 - y = 0. Calculate the greatest common divisor of 26 and u.
13
Suppose -11*f + 1037 - 47 = 0. Calculate the highest common factor of 1845 and f.
45
Suppose -5*x + 111 = -3*c, -7 = 2*x + 2*c - 45. Calculate the greatest common divisor of x and 525.
21
Let v be (12/8)/(9/12). Suppose -5*u = 3*k - 111, 3*u - v*k = k + 57. Calculate the highest common divisor of 84 and u.
21
Let w be (-19 + (-11477)/46)/((-2)/20). What is the greatest common divisor of 15 and w?
15
Let p be 142/8 + 410/40 + -11. What is the greatest common factor of p and 3?
1
Let b(m) = m + 7. Let l be b(-4). Let o = -3 - l. Let c(t) = 5*t**2 + 4*t + 4. Let u be c(o). Calculate the greatest common factor of 64 and u.
32
Let j(l) be the first derivative of l**4 - 5*l**3/3 - l**2 + 8*l - 8. Let s be j(4). What is the highest common divisor of s and 16?
16
Suppose -3*d = -4*f + 216, -53 = -f + 14*d - 13*d. Calculate the highest common factor of 2907 and f.
57
Let k be 1 - 0/3 - (-200)/4. Calculate the highest common divisor of k and 867.
51
Let c = -1913 - -2169. Calculate the highest common factor of 320 and c.
64
Let x be (-1 - -33)/(1/2). Let u be x/10 - (-3)/5. Suppose u = z - 1. What is the greatest common divisor of 16 and z?
8
Suppose 0 = -87*z + 92*z - 100. Suppose 4*u - 15 = 5. What is the highest common factor of u and z?
5
Suppose u + 0 = 2. Let l be ((-12)/(-9))/(u/3). Suppose -l*k = k - 3. Calculate the highest common divisor of 8 and k.
1
Suppose 6*s + 7 - 37 = 0. Suppose 5 + 6 = 2*c + l, 0 = 5*l - s. What is the greatest common factor of 15 and c?
5
Let y = -163 + 211. What is the highest common factor of 432 and y?
48
Suppose 0 = -21*v + 16*v + 25. Suppose v*b + x - 75 = -3*x, -40 = -5*b + 3*x. What is the greatest common factor of 99 and b?
11
Let y(h) = 6 - 10*h**2 + 20*h**2 + 0*h**3 - h**3 - 18*h. Let q be y(7). Let g = 7 - 4. What is the highest common divisor of g and q?
3
Let x(d) = d**3 + d + 167. Let y be x(0). Suppose 5*h = -3 - y. Let n = -7 - h. Calculate the greatest common factor of 3 and n.
3
Let b = 21 + -15. Suppose 6*r - 3*r = b. Let o(i) = -i**2 - 13*i + 24. Let a be o(-14). What is the greatest common divisor of r and a?
2
Let x be -4 + (-60)/(-14) + (-32)/14. Let i be -2 + 175 + (0 - x). What is the greatest common factor of i and 25?
25
Suppose -d = -0*d - 15. Suppose 0 = -5*q + 4*n + 1054, 2*q + n = -n + 418. Calculate the highest common divisor of d and q.
15
Let l be -13*5/5*1. Let q = l - -21. Calculate the highest common divisor of 24 and q.
8
Let o(b) = -2*b**2 - 7*b - 4. Let u be o(-2). Suppose -19 = 4*d + 2*t - 103, -42 = -u*d - 5*t. Calculate the greatest common divisor of 231 and d.
21
Suppose 3*z - 4*j = 31, 0 = -j - 1. Suppose 105 = z*k - 1182. What is the greatest common factor of k and 13?
13
Suppose r + 5*o - 134 = 0, 3*r - 5*o = 102 + 380. What is the greatest common factor of r and 594?
22
Suppose 5*p + 5 = -10, 5*t + p = 2. Let r be (7 + -7)/(-1*t). Suppose r = -5*z + 15 - 5. What is the greatest common factor of 10 and z?
2
Let l(r) = -r - 6. Let t be l(-8). Suppose 0 = -t*m - 5*o + 70, 4*m - 5*o = -o + 84. What is the greatest common factor of 200 and m?
25
Suppose 308 = 4*q + 2*z, 40*q - 44*q + 304 = 3*z. Calculate the greatest common factor of 553 and q.
79
Suppose -26*z = 8*z - 17374. What is the highest common factor of 146 and z?
73
Suppose 4*b = -b + 1440. Calculate the greatest common divisor of b and 18.
18
Let x(o) = 54*o + 2. Let c be x(3). Suppose 7*t - 4*m - c = 2*t, -28 = -t - 4*m. What is the greatest common factor of t and 16?
16
Let h(s) = 25*s + 539. Let r be h(-14). Let u = 37 - 10. Calculate the highest common factor of u and r.
27
Let d be -4 - -1 - 552/4. Let v be 6/(-15) + d/(-15). What is the highest common factor of 99 and v?
9
Let q = 2 + 3. Suppose q*w - 61 = 5*a + 144, -a - 161 = -4*w. Suppose -4*r - 46 = -5*z, 5*r = -3*z + 48 - 13. What is the greatest common factor of z and w?
10
Let p = -2 - 26. Let c be (p/(-6))/(4/18). What is the greatest common factor of c and 21?
21
Suppose 4*h - 7 = 3*h. Let n = -34 + h. Let c = 39 + n. What is the greatest common factor of c and 108?
12
Let c = 28 - 14. Let d be (-49)/c*(-20)/7. Let y(k) = 7*k - 22. Let z be y(d). What is the greatest common factor of 12 and z?
12
Let l = 39 - 11. Suppose -30*n = -l*n - 38. Calculate the highest common factor of 152 and n.
19
Let a(l) = 12*l**3 + 3*l**2 - 14*l + 6. Let y be a(3). Calculate the greatest common factor of 15 and y.
15
Let x(g) = 31*g**2 + 20*g - 21. Let y be x(1). What is the greatest common divisor of y and 270?
30
Let o be 33/7 - 4/(-14). Let q be (376/(-12))/((-2)/3) + -2. Let f be ((-20)/9)/((-10)/q). Calculate the highest common factor of f and o.
5
Let h = -129 - -138. Suppose h = -2*t + 185. Let s be -1 + 3 + (-18)/(-2). What is the greatest common factor of s and t?
11
Suppose 5*x - 5*l - 34 = 3*x, -5*x + 31 = l. Calculate the highest common factor of 1 and x.
1
Let c(m) = -8*m**3 - 11*m**2 + 3*m - 9. Let k be c(-4). Calculate the greatest common divisor of k and 45.
45
Suppose -7 = -2*a + 7. Let v(s) = s - 276 + 2*s**2 - 7*s + 146 + 138 + 2*s. Let m be v(a). Calculate the highest common factor of m and 52.
26
Let v = 341 - -95. What is the greatest common factor of 4 and v?
4
Suppose -7*b - 2 = -8*b. Suppose -4*c - 5 = a, a + 1 = -c + b. Let h(x) = x**3 + 5*x**2 + 4*x + 2. Let q be h(c). What is the greatest common factor of q and 3?
3
Let q(w) = -w**3 - 9*w**2 - 13*w - 19. Let g be q(-8). Calculate the highest common divisor of 231 and g.
21
Let q(o) = o**3 + 17*o**2 - 3*o - 9. Let g be 39/(-91) + 232/(-14